{"id":5684,"date":"2021-11-09T08:01:16","date_gmt":"2021-11-09T07:01:16","guid":{"rendered":"https:\/\/acstyria.com\/events\/arbeitszeitrecht-fuer-geschaeftsfuehrerinnen-und-fuehrungskraefte-2\/"},"modified":"2022-07-27T07:24:43","modified_gmt":"2022-07-27T05:24:43","slug":"arbeitszeitrecht-fuer-geschaeftsfuehrerinnen-und-fuehrungskraefte-2","status":"publish","type":"events","link":"https:\/\/acstyria.com\/en\/events\/arbeitszeitrecht-fuer-geschaeftsfuehrerinnen-und-fuehrungskraefte-2\/","title":{"rendered":"WEB-SEMINAR | Arbeitszeitrecht f\u00fcr Gesch\u00e4ftsf\u00fchrer*innen und F\u00fchrungskr\u00e4fte"},"featured_media":7416,"template":"","event-focus":[27],"event-type":[15,18],"class_list":["post-5684","events","type-events","status-publish","has-post-thumbnail","hentry","event-focus-recht","event-type-schulung","event-type-standard-kurs"],"_links":{"self":[{"href":"https:\/\/acstyria.com\/en\/wp-json\/wp\/v2\/events\/5684","targetHints":{"allow":["GET"]}}],"collection":[{"href":"https:\/\/acstyria.com\/en\/wp-json\/wp\/v2\/events"}],"about":[{"href":"https:\/\/acstyria.com\/en\/wp-json\/wp\/v2\/types\/events"}],"wp:featuredmedia":[{"embeddable":true,"href":"https:\/\/acstyria.com\/en\/wp-json\/wp\/v2\/media\/7416"}],"wp:attachment":[{"href":"https:\/\/acstyria.com\/en\/wp-json\/wp\/v2\/media?parent=5684"}],"wp:term":[{"taxonomy":"event-focus","embeddable":true,"href":"https:\/\/acstyria.com\/en\/wp-json\/wp\/v2\/event-focus?post=5684"},{"taxonomy":"event-type","embeddable":true,"href":"https:\/\/acstyria.com\/en\/wp-json\/wp\/v2\/event-type?post=5684"}],"curies":[{"name":"wp","href":"https:\/\/api.w.org\/{rel}","templated":true}]}}

WEB-SEMINAR | Arbeitszeitrecht für Geschäftsführer*innen und Führungskräfte
